{"id":11215,"date":"2023-07-05T14:11:42","date_gmt":"2023-07-05T14:11:42","guid":{"rendered":"https:\/\/www.adaptart.com\/MARIO\/BOCETO\/WEB\/?page_id=11215"},"modified":"2023-07-18T09:30:58","modified_gmt":"2023-07-18T09:30:58","slug":"videos","status":"publish","type":"page","link":"https:\/\/www.adaptart.com\/MARIO\/BOCETO\/WEB\/videos\/","title":{"rendered":"Colores del \u00c1nkar"},"content":{"rendered":"<section class=\"wpb-content-wrapper\"><p>[vc_row disable_element=\u00bbyes\u00bb][vc_column][vc_btn title=\u00bbT\u00c9CNICAS Y TRUCOS\u00bb style=\u00bbcustom\u00bb custom_background=\u00bb#f9aa01&#8243; custom_text=\u00bb#0a0a0a\u00bb css=\u00bb.vc_custom_1688656976367{margin-right: 5px !important;}\u00bb][vc_btn title=\u00bbPINTURA R\u00c1PIDA\u00bb style=\u00bbcustom\u00bb custom_background=\u00bbrgba(10,10,10,0.3)\u00bb custom_text=\u00bb#ffffff\u00bb size=\u00bbxs\u00bb css_animation=\u00bbnone\u00bb css=\u00bb.vc_custom_1688657270680{margin-top: 8px !important;margin-right: 5px !important;}\u00bb][vc_btn title=\u00bbBASES Y PEANAS\u00bb style=\u00bbcustom\u00bb custom_background=\u00bbrgba(10,10,10,0.3)\u00bb custom_text=\u00bb#ffffff\u00bb size=\u00bbxs\u00bb css_animation=\u00bbnone\u00bb css=\u00bb.vc_custom_1688657349724{margin-top: 8px !important;margin-right: 5px !important;}\u00bb][vc_btn title=\u00bbDIRECTOS\u00bb style=\u00bbcustom\u00bb custom_background=\u00bbrgba(10,10,10,0.3)\u00bb custom_text=\u00bb#ffffff\u00bb size=\u00bbxs\u00bb css_animation=\u00bbnone\u00bb css=\u00bb.vc_custom_1688657393753{margin-top: 8px !important;margin-right: 5px !important;}\u00bb][vc_btn title=\u00bbSOLO PINCEL\u00bb style=\u00bbcustom\u00bb custom_background=\u00bbrgba(10,10,10,0.3)\u00bb custom_text=\u00bb#ffffff\u00bb size=\u00bbxs\u00bb css_animation=\u00bbnone\u00bb css=\u00bb.vc_custom_1688657422446{margin-top: 8px !important;margin-right: 5px !important;}\u00bb][vc_btn title=\u00bbC\u00d3MO PINTAR PIEL\u00bb style=\u00bbcustom\u00bb custom_background=\u00bbrgba(10,10,10,0.3)\u00bb custom_text=\u00bb#ffffff\u00bb size=\u00bbxs\u00bb css_animation=\u00bbnone\u00bb css=\u00bb.vc_custom_1688657444970{margin-top: 8px !important;margin-right: 5px !important;}\u00bb][vc_btn title=\u00bbPASO A PASO\u00bb style=\u00bbcustom\u00bb custom_background=\u00bbrgba(10,10,10,0.3)\u00bb custom_text=\u00bb#ffffff\u00bb size=\u00bbxs\u00bb css_animation=\u00bbnone\u00bb css=\u00bb.vc_custom_1688657470712{margin-top: 8px !important;margin-right: 5px !important;}\u00bb][vc_separator css=\u00bb.vc_custom_1688653890443{margin-top: -20px !important;}\u00bb][\/vc_column][\/vc_row][vc_row][vc_column][vc_column_text]<\/p>\n<h2 style=\"text-align: center;\"><span style=\"font-weight: 400; font-size: 16pt;\">&#8230;M\u00e1s all\u00e1 del mar Cerenario, en medio de una vasta extensi\u00f3n de oc\u00e9ano, se alza sobre el oleaje la leyenda de una isla de naturaleza incierta m\u00e1s propia de los sue\u00f1os y leyendas de los mortales que del reino de los sentidos. Hace siglos se levant\u00f3 all\u00ed una imponente torre de piedra y se dice que sus moradores viven dedicados a la meditaci\u00f3n y las artes y manejan una disciplina m\u00edstica de tintura sagrada\u2026 All\u00ed se mezclan minerales y pigmentos con aceites y esencias desconocidas, y con ellos cubren sus pieles y sus cuerpos con los s\u00edmbolos de la antigua magia del \u00c1nkar\u2026<span style=\"font-weight: 400;\"> m\u00e1s all\u00e1 de las fronteras de la isla se les conoce como \u201cEl Clan\u201d\u2026<\/span><\/span><\/h2>\n<h2 style=\"text-align: center;\"><span style=\"font-size: 20pt;\"><strong><img loading=\"lazy\" decoding=\"async\" class=\"alignnone wp-image-11208\" src=\"https:\/\/www.adaptart.com\/MARIO\/BOCETO\/WEB\/wp-content\/uploads\/2023\/07\/saparador-flecha-300x29.png\" alt=\"\" width=\"238\" height=\"23\" srcset=\"https:\/\/www.adaptart.com\/MARIO\/BOCETO\/WEB\/wp-content\/uploads\/2023\/07\/saparador-flecha-300x29.png 300w, https:\/\/www.adaptart.com\/MARIO\/BOCETO\/WEB\/wp-content\/uploads\/2023\/07\/saparador-flecha-1024x98.png 1024w, https:\/\/www.adaptart.com\/MARIO\/BOCETO\/WEB\/wp-content\/uploads\/2023\/07\/saparador-flecha-768x73.png 768w, https:\/\/www.adaptart.com\/MARIO\/BOCETO\/WEB\/wp-content\/uploads\/2023\/07\/saparador-flecha-800x76.png 800w, https:\/\/www.adaptart.com\/MARIO\/BOCETO\/WEB\/wp-content\/uploads\/2023\/07\/saparador-flecha-102x10.png 102w, https:\/\/www.adaptart.com\/MARIO\/BOCETO\/WEB\/wp-content\/uploads\/2023\/07\/saparador-flecha.png 1132w\" sizes=\"(max-width: 238px) 100vw, 238px\" \/><\/strong><\/span><\/h2>\n<h2 style=\"text-align: center;\"><span style=\"font-size: 20pt;\"><strong>El jefe de \u00abEl Clan\u00bb te mostrar\u00e1 los colores del \u00c1nkar y sus secretos.<\/strong><\/span><\/h2>\n<p>[\/vc_column_text][\/vc_column][\/vc_row][vc_row][vc_column][vc_raw_html css=\u00bb.vc_custom_1689094309330{padding-top: 50px !important;}\u00bb]JTVCd3B0YWJzJTIwaWQlM0QlMjIxMTM0NyUyMiU1RA==[\/vc_raw_html][\/vc_column][\/vc_row]<\/p>\n<\/section>","protected":false},"excerpt":{"rendered":"<p>[vc_row disable_element=\u00bbyes\u00bb][vc_column][vc_btn title=\u00bbT\u00c9CNICAS Y TRUCOS\u00bb style=\u00bbcustom\u00bb custom_background=\u00bb#f9aa01&#8243; custom_text=\u00bb#0a0a0a\u00bb css=\u00bb.vc_custom_1688656976367{margin-right: 5px !important;}\u00bb][vc_btn title=\u00bbPINTURA R\u00c1PIDA\u00bb style=\u00bbcustom\u00bb custom_background=\u00bbrgba(10,10,10,0.3)\u00bb custom_text=\u00bb#ffffff\u00bb size=\u00bbxs\u00bb css_animation=\u00bbnone\u00bb css=\u00bb.vc_custom_1688657270680{margin-top: 8px !important;margin-right: 5px !important;}\u00bb][vc_btn title=\u00bbBASES Y PEANAS\u00bb style=\u00bbcustom\u00bb custom_background=\u00bbrgba(10,10,10,0.3)\u00bb custom_text=\u00bb#ffffff\u00bb size=\u00bbxs\u00bb css_animation=\u00bbnone\u00bb css=\u00bb.vc_custom_1688657349724{margin-top: 8px !important;margin-right: 5px !important;}\u00bb][vc_btn title=\u00bbDIRECTOS\u00bb style=\u00bbcustom\u00bb custom_background=\u00bbrgba(10,10,10,0.3)\u00bb custom_text=\u00bb#ffffff\u00bb size=\u00bbxs\u00bb css_animation=\u00bbnone\u00bb css=\u00bb.vc_custom_1688657393753{margin-top: 8px !important;margin-right: 5px !important;}\u00bb][vc_btn title=\u00bbSOLO PINCEL\u00bb style=\u00bbcustom\u00bb custom_background=\u00bbrgba(10,10,10,0.3)\u00bb custom_text=\u00bb#ffffff\u00bb size=\u00bbxs\u00bb css_animation=\u00bbnone\u00bb css=\u00bb.vc_custom_1688657422446{margin-top: 8px !important;margin-right: 5px !important;}\u00bb][vc_btn title=\u00bbC\u00d3MO PINTAR PIEL\u00bb style=\u00bbcustom\u00bb custom_background=\u00bbrgba(10,10,10,0.3)\u00bb custom_text=\u00bb#ffffff\u00bb size=\u00bbxs\u00bb css_animation=\u00bbnone\u00bb css=\u00bb.vc_custom_1688657444970{margin-top: 8px !important;margin-right: 5px !important;}\u00bb][vc_btn title=\u00bbPASO A PASO\u00bb style=\u00bbcustom\u00bb custom_background=\u00bbrgba(10,10,10,0.3)\u00bb custom_text=\u00bb#ffffff\u00bb size=\u00bbxs\u00bb css_animation=\u00bbnone\u00bb css=\u00bb.vc_custom_1688657470712{margin-top: 8px !important;margin-right: 5px !important;}\u00bb][vc_separator css=\u00bb.vc_custom_1688653890443{margin-top: -20px !important;}\u00bb][\/vc_column][\/vc_row][vc_row][vc_column][vc_column_text] &#8230;M\u00e1s all\u00e1 del mar Cerenario, en medio de una vasta extensi\u00f3n de oc\u00e9ano, se alza sobre el oleaje la leyenda de una isla de naturaleza incierta m\u00e1s propia de los sue\u00f1os y leyendas de los mortales que del reino de los sentidos. Hace siglos se levant\u00f3 all\u00ed una imponente torre de piedra y se dice que sus moradores viven dedicados a la meditaci\u00f3n y las artes y manejan una disciplina m\u00edstica de tintura sagrada\u2026 All\u00ed se mezclan minerales y pigmentos con aceites y esencias desconocidas, y con ellos cubren sus pieles y sus cuerpos con los s\u00edmbolos de la antigua magia del \u00c1nkar\u2026 m\u00e1s all\u00e1 de las fronteras de la isla se&hellip; <a class=\"read-more-link\" href=\"https:\/\/www.adaptart.com\/MARIO\/BOCETO\/WEB\/videos\/\">Read More<\/a><\/p>\n","protected":false},"author":1,"featured_media":0,"parent":0,"menu_order":0,"comment_status":"closed","ping_status":"closed","template":"","meta":{"footnotes":""},"class_list":["post-11215","page","type-page","status-publish","hentry"],"yoast_head":"<!-- This site is optimized with the Yoast SEO plugin v25.6 - https:\/\/yoast.com\/wordpress\/plugins\/seo\/ -->\n<title>Colores del \u00c1nkar - KADAZRA<\/title>\n<meta name=\"robots\" content=\"index, follow, max-snippet:-1, max-image-preview:large, max-video-preview:-1\" \/>\n<link rel=\"canonical\" href=\"https:\/\/www.adaptart.com\/MARIO\/BOCETO\/WEB\/videos\/\" \/>\n<meta property=\"og:locale\" content=\"es_ES\" \/>\n<meta property=\"og:type\" content=\"article\" \/>\n<meta property=\"og:title\" content=\"Colores del \u00c1nkar - KADAZRA\" \/>\n<meta property=\"og:description\" content=\"[vc_row disable_element=\u00bbyes\u00bb][vc_column][vc_btn title=\u00bbT\u00c9CNICAS Y TRUCOS\u00bb style=\u00bbcustom\u00bb custom_background=\u00bb#f9aa01&#8243; custom_text=\u00bb#0a0a0a\u00bb css=\u00bb.vc_custom_1688656976367{margin-right: 5px !important;}\u00bb][vc_btn title=\u00bbPINTURA R\u00c1PIDA\u00bb style=\u00bbcustom\u00bb custom_background=\u00bbrgba(10,10,10,0.3)\u00bb custom_text=\u00bb#ffffff\u00bb size=\u00bbxs\u00bb css_animation=\u00bbnone\u00bb css=\u00bb.vc_custom_1688657270680{margin-top: 8px !important;margin-right: 5px !important;}\u00bb][vc_btn title=\u00bbBASES Y PEANAS\u00bb style=\u00bbcustom\u00bb custom_background=\u00bbrgba(10,10,10,0.3)\u00bb custom_text=\u00bb#ffffff\u00bb size=\u00bbxs\u00bb css_animation=\u00bbnone\u00bb css=\u00bb.vc_custom_1688657349724{margin-top: 8px !important;margin-right: 5px !important;}\u00bb][vc_btn title=\u00bbDIRECTOS\u00bb style=\u00bbcustom\u00bb custom_background=\u00bbrgba(10,10,10,0.3)\u00bb custom_text=\u00bb#ffffff\u00bb size=\u00bbxs\u00bb css_animation=\u00bbnone\u00bb css=\u00bb.vc_custom_1688657393753{margin-top: 8px !important;margin-right: 5px !important;}\u00bb][vc_btn title=\u00bbSOLO PINCEL\u00bb style=\u00bbcustom\u00bb custom_background=\u00bbrgba(10,10,10,0.3)\u00bb custom_text=\u00bb#ffffff\u00bb size=\u00bbxs\u00bb css_animation=\u00bbnone\u00bb css=\u00bb.vc_custom_1688657422446{margin-top: 8px !important;margin-right: 5px !important;}\u00bb][vc_btn title=\u00bbC\u00d3MO PINTAR PIEL\u00bb style=\u00bbcustom\u00bb custom_background=\u00bbrgba(10,10,10,0.3)\u00bb custom_text=\u00bb#ffffff\u00bb size=\u00bbxs\u00bb css_animation=\u00bbnone\u00bb css=\u00bb.vc_custom_1688657444970{margin-top: 8px !important;margin-right: 5px !important;}\u00bb][vc_btn title=\u00bbPASO A PASO\u00bb style=\u00bbcustom\u00bb custom_background=\u00bbrgba(10,10,10,0.3)\u00bb custom_text=\u00bb#ffffff\u00bb size=\u00bbxs\u00bb css_animation=\u00bbnone\u00bb css=\u00bb.vc_custom_1688657470712{margin-top: 8px !important;margin-right: 5px !important;}\u00bb][vc_separator css=\u00bb.vc_custom_1688653890443{margin-top: -20px !important;}\u00bb][\/vc_column][\/vc_row][vc_row][vc_column][vc_column_text] &#8230;M\u00e1s all\u00e1 del mar Cerenario, en medio de una vasta extensi\u00f3n de oc\u00e9ano, se alza sobre el oleaje la leyenda de una isla de naturaleza incierta m\u00e1s propia de los sue\u00f1os y leyendas de los mortales que del reino de los sentidos. Hace siglos se levant\u00f3 all\u00ed una imponente torre de piedra y se dice que sus moradores viven dedicados a la meditaci\u00f3n y las artes y manejan una disciplina m\u00edstica de tintura sagrada\u2026 All\u00ed se mezclan minerales y pigmentos con aceites y esencias desconocidas, y con ellos cubren sus pieles y sus cuerpos con los s\u00edmbolos de la antigua magia del \u00c1nkar\u2026 m\u00e1s all\u00e1 de las fronteras de la isla se&hellip; Read More\" \/>\n<meta property=\"og:url\" content=\"https:\/\/www.adaptart.com\/MARIO\/BOCETO\/WEB\/videos\/\" \/>\n<meta property=\"og:site_name\" content=\"KADAZRA\" \/>\n<meta property=\"article:modified_time\" content=\"2023-07-18T09:30:58+00:00\" \/>\n<meta property=\"og:image\" content=\"https:\/\/www.adaptart.com\/MARIO\/BOCETO\/WEB\/wp-content\/uploads\/2023\/07\/saparador-flecha-300x29.png\" \/>\n<meta name=\"twitter:card\" content=\"summary_large_image\" \/>\n<meta name=\"twitter:label1\" content=\"Tiempo de lectura\" \/>\n\t<meta name=\"twitter:data1\" content=\"2 minutos\" \/>\n<script type=\"application\/ld+json\" class=\"yoast-schema-graph\">{\"@context\":\"https:\/\/schema.org\",\"@graph\":[{\"@type\":\"WebPage\",\"@id\":\"https:\/\/www.adaptart.com\/MARIO\/BOCETO\/WEB\/videos\/\",\"url\":\"https:\/\/www.adaptart.com\/MARIO\/BOCETO\/WEB\/videos\/\",\"name\":\"Colores del \u00c1nkar - KADAZRA\",\"isPartOf\":{\"@id\":\"https:\/\/www.adaptart.com\/MARIO\/BOCETO\/WEB\/#website\"},\"primaryImageOfPage\":{\"@id\":\"https:\/\/www.adaptart.com\/MARIO\/BOCETO\/WEB\/videos\/#primaryimage\"},\"image\":{\"@id\":\"https:\/\/www.adaptart.com\/MARIO\/BOCETO\/WEB\/videos\/#primaryimage\"},\"thumbnailUrl\":\"https:\/\/www.adaptart.com\/MARIO\/BOCETO\/WEB\/wp-content\/uploads\/2023\/07\/saparador-flecha-300x29.png\",\"datePublished\":\"2023-07-05T14:11:42+00:00\",\"dateModified\":\"2023-07-18T09:30:58+00:00\",\"breadcrumb\":{\"@id\":\"https:\/\/www.adaptart.com\/MARIO\/BOCETO\/WEB\/videos\/#breadcrumb\"},\"inLanguage\":\"es\",\"potentialAction\":[{\"@type\":\"ReadAction\",\"target\":[\"https:\/\/www.adaptart.com\/MARIO\/BOCETO\/WEB\/videos\/\"]}]},{\"@type\":\"ImageObject\",\"inLanguage\":\"es\",\"@id\":\"https:\/\/www.adaptart.com\/MARIO\/BOCETO\/WEB\/videos\/#primaryimage\",\"url\":\"https:\/\/www.adaptart.com\/MARIO\/BOCETO\/WEB\/wp-content\/uploads\/2023\/07\/saparador-flecha.png\",\"contentUrl\":\"https:\/\/www.adaptart.com\/MARIO\/BOCETO\/WEB\/wp-content\/uploads\/2023\/07\/saparador-flecha.png\",\"width\":1132,\"height\":108},{\"@type\":\"BreadcrumbList\",\"@id\":\"https:\/\/www.adaptart.com\/MARIO\/BOCETO\/WEB\/videos\/#breadcrumb\",\"itemListElement\":[{\"@type\":\"ListItem\",\"position\":1,\"name\":\"Home\",\"item\":\"https:\/\/www.adaptart.com\/MARIO\/BOCETO\/WEB\/\"},{\"@type\":\"ListItem\",\"position\":2,\"name\":\"Colores del \u00c1nkar\"}]},{\"@type\":\"WebSite\",\"@id\":\"https:\/\/www.adaptart.com\/MARIO\/BOCETO\/WEB\/#website\",\"url\":\"https:\/\/www.adaptart.com\/MARIO\/BOCETO\/WEB\/\",\"name\":\"KADAZRA\",\"description\":\"\",\"potentialAction\":[{\"@type\":\"SearchAction\",\"target\":{\"@type\":\"EntryPoint\",\"urlTemplate\":\"https:\/\/www.adaptart.com\/MARIO\/BOCETO\/WEB\/?s={search_term_string}\"},\"query-input\":{\"@type\":\"PropertyValueSpecification\",\"valueRequired\":true,\"valueName\":\"search_term_string\"}}],\"inLanguage\":\"es\"}]}<\/script>\n<!-- \/ Yoast SEO plugin. -->","yoast_head_json":{"title":"Colores del \u00c1nkar - KADAZRA","robots":{"index":"index","follow":"follow","max-snippet":"max-snippet:-1","max-image-preview":"max-image-preview:large","max-video-preview":"max-video-preview:-1"},"canonical":"https:\/\/www.adaptart.com\/MARIO\/BOCETO\/WEB\/videos\/","og_locale":"es_ES","og_type":"article","og_title":"Colores del \u00c1nkar - KADAZRA","og_description":"[vc_row disable_element=\u00bbyes\u00bb][vc_column][vc_btn title=\u00bbT\u00c9CNICAS Y TRUCOS\u00bb style=\u00bbcustom\u00bb custom_background=\u00bb#f9aa01&#8243; custom_text=\u00bb#0a0a0a\u00bb css=\u00bb.vc_custom_1688656976367{margin-right: 5px !important;}\u00bb][vc_btn title=\u00bbPINTURA R\u00c1PIDA\u00bb style=\u00bbcustom\u00bb custom_background=\u00bbrgba(10,10,10,0.3)\u00bb custom_text=\u00bb#ffffff\u00bb size=\u00bbxs\u00bb css_animation=\u00bbnone\u00bb css=\u00bb.vc_custom_1688657270680{margin-top: 8px !important;margin-right: 5px !important;}\u00bb][vc_btn title=\u00bbBASES Y PEANAS\u00bb style=\u00bbcustom\u00bb custom_background=\u00bbrgba(10,10,10,0.3)\u00bb custom_text=\u00bb#ffffff\u00bb size=\u00bbxs\u00bb css_animation=\u00bbnone\u00bb css=\u00bb.vc_custom_1688657349724{margin-top: 8px !important;margin-right: 5px !important;}\u00bb][vc_btn title=\u00bbDIRECTOS\u00bb style=\u00bbcustom\u00bb custom_background=\u00bbrgba(10,10,10,0.3)\u00bb custom_text=\u00bb#ffffff\u00bb size=\u00bbxs\u00bb css_animation=\u00bbnone\u00bb css=\u00bb.vc_custom_1688657393753{margin-top: 8px !important;margin-right: 5px !important;}\u00bb][vc_btn title=\u00bbSOLO PINCEL\u00bb style=\u00bbcustom\u00bb custom_background=\u00bbrgba(10,10,10,0.3)\u00bb custom_text=\u00bb#ffffff\u00bb size=\u00bbxs\u00bb css_animation=\u00bbnone\u00bb css=\u00bb.vc_custom_1688657422446{margin-top: 8px !important;margin-right: 5px !important;}\u00bb][vc_btn title=\u00bbC\u00d3MO PINTAR PIEL\u00bb style=\u00bbcustom\u00bb custom_background=\u00bbrgba(10,10,10,0.3)\u00bb custom_text=\u00bb#ffffff\u00bb size=\u00bbxs\u00bb css_animation=\u00bbnone\u00bb css=\u00bb.vc_custom_1688657444970{margin-top: 8px !important;margin-right: 5px !important;}\u00bb][vc_btn title=\u00bbPASO A PASO\u00bb style=\u00bbcustom\u00bb custom_background=\u00bbrgba(10,10,10,0.3)\u00bb custom_text=\u00bb#ffffff\u00bb size=\u00bbxs\u00bb css_animation=\u00bbnone\u00bb css=\u00bb.vc_custom_1688657470712{margin-top: 8px !important;margin-right: 5px !important;}\u00bb][vc_separator css=\u00bb.vc_custom_1688653890443{margin-top: -20px !important;}\u00bb][\/vc_column][\/vc_row][vc_row][vc_column][vc_column_text] &#8230;M\u00e1s all\u00e1 del mar Cerenario, en medio de una vasta extensi\u00f3n de oc\u00e9ano, se alza sobre el oleaje la leyenda de una isla de naturaleza incierta m\u00e1s propia de los sue\u00f1os y leyendas de los mortales que del reino de los sentidos. Hace siglos se levant\u00f3 all\u00ed una imponente torre de piedra y se dice que sus moradores viven dedicados a la meditaci\u00f3n y las artes y manejan una disciplina m\u00edstica de tintura sagrada\u2026 All\u00ed se mezclan minerales y pigmentos con aceites y esencias desconocidas, y con ellos cubren sus pieles y sus cuerpos con los s\u00edmbolos de la antigua magia del \u00c1nkar\u2026 m\u00e1s all\u00e1 de las fronteras de la isla se&hellip; Read More","og_url":"https:\/\/www.adaptart.com\/MARIO\/BOCETO\/WEB\/videos\/","og_site_name":"KADAZRA","article_modified_time":"2023-07-18T09:30:58+00:00","og_image":[{"url":"https:\/\/www.adaptart.com\/MARIO\/BOCETO\/WEB\/wp-content\/uploads\/2023\/07\/saparador-flecha-300x29.png","type":"","width":"","height":""}],"twitter_card":"summary_large_image","twitter_misc":{"Tiempo de lectura":"2 minutos"},"schema":{"@context":"https:\/\/schema.org","@graph":[{"@type":"WebPage","@id":"https:\/\/www.adaptart.com\/MARIO\/BOCETO\/WEB\/videos\/","url":"https:\/\/www.adaptart.com\/MARIO\/BOCETO\/WEB\/videos\/","name":"Colores del \u00c1nkar - KADAZRA","isPartOf":{"@id":"https:\/\/www.adaptart.com\/MARIO\/BOCETO\/WEB\/#website"},"primaryImageOfPage":{"@id":"https:\/\/www.adaptart.com\/MARIO\/BOCETO\/WEB\/videos\/#primaryimage"},"image":{"@id":"https:\/\/www.adaptart.com\/MARIO\/BOCETO\/WEB\/videos\/#primaryimage"},"thumbnailUrl":"https:\/\/www.adaptart.com\/MARIO\/BOCETO\/WEB\/wp-content\/uploads\/2023\/07\/saparador-flecha-300x29.png","datePublished":"2023-07-05T14:11:42+00:00","dateModified":"2023-07-18T09:30:58+00:00","breadcrumb":{"@id":"https:\/\/www.adaptart.com\/MARIO\/BOCETO\/WEB\/videos\/#breadcrumb"},"inLanguage":"es","potentialAction":[{"@type":"ReadAction","target":["https:\/\/www.adaptart.com\/MARIO\/BOCETO\/WEB\/videos\/"]}]},{"@type":"ImageObject","inLanguage":"es","@id":"https:\/\/www.adaptart.com\/MARIO\/BOCETO\/WEB\/videos\/#primaryimage","url":"https:\/\/www.adaptart.com\/MARIO\/BOCETO\/WEB\/wp-content\/uploads\/2023\/07\/saparador-flecha.png","contentUrl":"https:\/\/www.adaptart.com\/MARIO\/BOCETO\/WEB\/wp-content\/uploads\/2023\/07\/saparador-flecha.png","width":1132,"height":108},{"@type":"BreadcrumbList","@id":"https:\/\/www.adaptart.com\/MARIO\/BOCETO\/WEB\/videos\/#breadcrumb","itemListElement":[{"@type":"ListItem","position":1,"name":"Home","item":"https:\/\/www.adaptart.com\/MARIO\/BOCETO\/WEB\/"},{"@type":"ListItem","position":2,"name":"Colores del \u00c1nkar"}]},{"@type":"WebSite","@id":"https:\/\/www.adaptart.com\/MARIO\/BOCETO\/WEB\/#website","url":"https:\/\/www.adaptart.com\/MARIO\/BOCETO\/WEB\/","name":"KADAZRA","description":"","potentialAction":[{"@type":"SearchAction","target":{"@type":"EntryPoint","urlTemplate":"https:\/\/www.adaptart.com\/MARIO\/BOCETO\/WEB\/?s={search_term_string}"},"query-input":{"@type":"PropertyValueSpecification","valueRequired":true,"valueName":"search_term_string"}}],"inLanguage":"es"}]}},"_links":{"self":[{"href":"https:\/\/www.adaptart.com\/MARIO\/BOCETO\/WEB\/wp-json\/wp\/v2\/pages\/11215"}],"collection":[{"href":"https:\/\/www.adaptart.com\/MARIO\/BOCETO\/WEB\/wp-json\/wp\/v2\/pages"}],"about":[{"href":"https:\/\/www.adaptart.com\/MARIO\/BOCETO\/WEB\/wp-json\/wp\/v2\/types\/page"}],"author":[{"embeddable":true,"href":"https:\/\/www.adaptart.com\/MARIO\/BOCETO\/WEB\/wp-json\/wp\/v2\/users\/1"}],"replies":[{"embeddable":true,"href":"https:\/\/www.adaptart.com\/MARIO\/BOCETO\/WEB\/wp-json\/wp\/v2\/comments?post=11215"}],"version-history":[{"count":77,"href":"https:\/\/www.adaptart.com\/MARIO\/BOCETO\/WEB\/wp-json\/wp\/v2\/pages\/11215\/revisions"}],"predecessor-version":[{"id":11432,"href":"https:\/\/www.adaptart.com\/MARIO\/BOCETO\/WEB\/wp-json\/wp\/v2\/pages\/11215\/revisions\/11432"}],"wp:attachment":[{"href":"https:\/\/www.adaptart.com\/MARIO\/BOCETO\/WEB\/wp-json\/wp\/v2\/media?parent=11215"}],"curies":[{"name":"wp","href":"https:\/\/api.w.org\/{rel}","templated":true}]}}