{"id":11436,"date":"2023-07-18T09:48:03","date_gmt":"2023-07-18T09:48:03","guid":{"rendered":"https:\/\/www.adaptart.com\/MARIO\/BOCETO\/WEB\/?page_id=11436"},"modified":"2023-07-18T10:05:05","modified_gmt":"2023-07-18T10:05:05","slug":"video-relatos","status":"publish","type":"page","link":"https:\/\/www.adaptart.com\/MARIO\/BOCETO\/WEB\/video-relatos\/","title":{"rendered":"Video Relatos"},"content":{"rendered":"<section class=\"wpb-content-wrapper\"><p>[vc_row][vc_column][vc_column_text]<\/p>\n<h2 style=\"text-align: center;\"><span style=\"font-weight: 400; font-size: 16pt;\"><span style=\"font-weight: 400;\">Sombras de Kadazra es una narraci\u00f3n \u00e9pica de los tiempos de auge y ca\u00edda del glorioso Imperio del Le\u00f3n y la llegada de la siniestra Guerra de las Sombras, una compilaci\u00f3n de historias y mitos de los continentes ancestrales. La vasta y poderosa tierra que seg\u00fan la leyenda fue gobernada por los primeros artesanos del mineral de \u00c1nkar. <\/span><\/span><\/h2>\n<h2 style=\"text-align: center;\"><span style=\"font-size: 20pt;\"><strong><img loading=\"lazy\" decoding=\"async\" class=\"alignnone wp-image-11208\" src=\"https:\/\/www.adaptart.com\/MARIO\/BOCETO\/WEB\/wp-content\/uploads\/2023\/07\/saparador-flecha-300x29.png\" alt=\"\" width=\"238\" height=\"23\" srcset=\"https:\/\/www.adaptart.com\/MARIO\/BOCETO\/WEB\/wp-content\/uploads\/2023\/07\/saparador-flecha-300x29.png 300w, https:\/\/www.adaptart.com\/MARIO\/BOCETO\/WEB\/wp-content\/uploads\/2023\/07\/saparador-flecha-1024x98.png 1024w, https:\/\/www.adaptart.com\/MARIO\/BOCETO\/WEB\/wp-content\/uploads\/2023\/07\/saparador-flecha-768x73.png 768w, https:\/\/www.adaptart.com\/MARIO\/BOCETO\/WEB\/wp-content\/uploads\/2023\/07\/saparador-flecha-800x76.png 800w, https:\/\/www.adaptart.com\/MARIO\/BOCETO\/WEB\/wp-content\/uploads\/2023\/07\/saparador-flecha-102x10.png 102w, https:\/\/www.adaptart.com\/MARIO\/BOCETO\/WEB\/wp-content\/uploads\/2023\/07\/saparador-flecha.png 1132w\" sizes=\"(max-width: 238px) 100vw, 238px\" \/><\/strong><\/span><\/h2>\n<p>[\/vc_column_text][\/vc_column][\/vc_row][vc_row][vc_column][vc_raw_html css=\u00bb.vc_custom_1689673930512{padding-top: 50px !important;}\u00bb]JTVCeW90dXdwJTIwdHlwZSUzRCUyMnBsYXlsaXN0JTIyJTIwaWQlM0QlMjJQTE1qVnhuVVVFMTZpRU5YcFZkdlJjNVo4WTl5a2VubVZzJTIyJTIwJTVE[\/vc_raw_html][\/vc_column][\/vc_row]<\/p>\n<\/section>","protected":false},"excerpt":{"rendered":"<p>[vc_row][vc_column][vc_column_text] Sombras de Kadazra es una narraci\u00f3n \u00e9pica de los tiempos de auge y ca\u00edda del glorioso Imperio del Le\u00f3n y la llegada de la siniestra Guerra de las Sombras, una compilaci\u00f3n de historias y mitos de los continentes ancestrales. La vasta y poderosa tierra que seg\u00fan la leyenda fue gobernada por los primeros artesanos del mineral de \u00c1nkar. [\/vc_column_text][\/vc_column][\/vc_row][vc_row][vc_column][vc_raw_html css=\u00bb.vc_custom_1689673930512{padding-top: 50px !important;}\u00bb]JTVCeW90dXdwJTIwdHlwZSUzRCUyMnBsYXlsaXN0JTIyJTIwaWQlM0QlMjJQTE1qVnhuVVVFMTZpRU5YcFZkdlJjNVo4WTl5a2VubVZzJTIyJTIwJTVE[\/vc_raw_html][\/vc_column][\/vc_row]<\/p>\n","protected":false},"author":1,"featured_media":0,"parent":0,"menu_order":0,"comment_status":"closed","ping_status":"closed","template":"","meta":{"footnotes":""},"class_list":["post-11436","page","type-page","status-publish","hentry"],"yoast_head":"<!-- This site is optimized with the Yoast SEO plugin v25.6 - https:\/\/yoast.com\/wordpress\/plugins\/seo\/ -->\n<title>Video Relatos - KADAZRA<\/title>\n<meta name=\"robots\" content=\"index, follow, max-snippet:-1, max-image-preview:large, max-video-preview:-1\" \/>\n<link rel=\"canonical\" href=\"https:\/\/www.adaptart.com\/MARIO\/BOCETO\/WEB\/video-relatos\/\" \/>\n<meta property=\"og:locale\" content=\"es_ES\" \/>\n<meta property=\"og:type\" content=\"article\" \/>\n<meta property=\"og:title\" content=\"Video Relatos - KADAZRA\" \/>\n<meta property=\"og:description\" content=\"[vc_row][vc_column][vc_column_text] Sombras de Kadazra es una narraci\u00f3n \u00e9pica de los tiempos de auge y ca\u00edda del glorioso Imperio del Le\u00f3n y la llegada de la siniestra Guerra de las Sombras, una compilaci\u00f3n de historias y mitos de los continentes ancestrales. La vasta y poderosa tierra que seg\u00fan la leyenda fue gobernada por los primeros artesanos del mineral de \u00c1nkar. [\/vc_column_text][\/vc_column][\/vc_row][vc_row][vc_column][vc_raw_html css=\u00bb.vc_custom_1689673930512{padding-top: 50px !important;}\u00bb]JTVCeW90dXdwJTIwdHlwZSUzRCUyMnBsYXlsaXN0JTIyJTIwaWQlM0QlMjJQTE1qVnhuVVVFMTZpRU5YcFZkdlJjNVo4WTl5a2VubVZzJTIyJTIwJTVE[\/vc_raw_html][\/vc_column][\/vc_row]\" \/>\n<meta property=\"og:url\" content=\"https:\/\/www.adaptart.com\/MARIO\/BOCETO\/WEB\/video-relatos\/\" \/>\n<meta property=\"og:site_name\" content=\"KADAZRA\" \/>\n<meta property=\"article:modified_time\" content=\"2023-07-18T10:05:05+00:00\" \/>\n<meta property=\"og:image\" content=\"https:\/\/www.adaptart.com\/MARIO\/BOCETO\/WEB\/wp-content\/uploads\/2023\/07\/saparador-flecha-300x29.png\" \/>\n<meta name=\"twitter:card\" content=\"summary_large_image\" \/>\n<meta name=\"twitter:label1\" content=\"Tiempo de lectura\" \/>\n\t<meta name=\"twitter:data1\" content=\"1 minuto\" \/>\n<script type=\"application\/ld+json\" class=\"yoast-schema-graph\">{\"@context\":\"https:\/\/schema.org\",\"@graph\":[{\"@type\":\"WebPage\",\"@id\":\"https:\/\/www.adaptart.com\/MARIO\/BOCETO\/WEB\/video-relatos\/\",\"url\":\"https:\/\/www.adaptart.com\/MARIO\/BOCETO\/WEB\/video-relatos\/\",\"name\":\"Video Relatos - KADAZRA\",\"isPartOf\":{\"@id\":\"https:\/\/www.adaptart.com\/MARIO\/BOCETO\/WEB\/#website\"},\"primaryImageOfPage\":{\"@id\":\"https:\/\/www.adaptart.com\/MARIO\/BOCETO\/WEB\/video-relatos\/#primaryimage\"},\"image\":{\"@id\":\"https:\/\/www.adaptart.com\/MARIO\/BOCETO\/WEB\/video-relatos\/#primaryimage\"},\"thumbnailUrl\":\"https:\/\/www.adaptart.com\/MARIO\/BOCETO\/WEB\/wp-content\/uploads\/2023\/07\/saparador-flecha-300x29.png\",\"datePublished\":\"2023-07-18T09:48:03+00:00\",\"dateModified\":\"2023-07-18T10:05:05+00:00\",\"breadcrumb\":{\"@id\":\"https:\/\/www.adaptart.com\/MARIO\/BOCETO\/WEB\/video-relatos\/#breadcrumb\"},\"inLanguage\":\"es\",\"potentialAction\":[{\"@type\":\"ReadAction\",\"target\":[\"https:\/\/www.adaptart.com\/MARIO\/BOCETO\/WEB\/video-relatos\/\"]}]},{\"@type\":\"ImageObject\",\"inLanguage\":\"es\",\"@id\":\"https:\/\/www.adaptart.com\/MARIO\/BOCETO\/WEB\/video-relatos\/#primaryimage\",\"url\":\"https:\/\/www.adaptart.com\/MARIO\/BOCETO\/WEB\/wp-content\/uploads\/2023\/07\/saparador-flecha.png\",\"contentUrl\":\"https:\/\/www.adaptart.com\/MARIO\/BOCETO\/WEB\/wp-content\/uploads\/2023\/07\/saparador-flecha.png\",\"width\":1132,\"height\":108},{\"@type\":\"BreadcrumbList\",\"@id\":\"https:\/\/www.adaptart.com\/MARIO\/BOCETO\/WEB\/video-relatos\/#breadcrumb\",\"itemListElement\":[{\"@type\":\"ListItem\",\"position\":1,\"name\":\"Home\",\"item\":\"https:\/\/www.adaptart.com\/MARIO\/BOCETO\/WEB\/\"},{\"@type\":\"ListItem\",\"position\":2,\"name\":\"Video Relatos\"}]},{\"@type\":\"WebSite\",\"@id\":\"https:\/\/www.adaptart.com\/MARIO\/BOCETO\/WEB\/#website\",\"url\":\"https:\/\/www.adaptart.com\/MARIO\/BOCETO\/WEB\/\",\"name\":\"KADAZRA\",\"description\":\"\",\"potentialAction\":[{\"@type\":\"SearchAction\",\"target\":{\"@type\":\"EntryPoint\",\"urlTemplate\":\"https:\/\/www.adaptart.com\/MARIO\/BOCETO\/WEB\/?s={search_term_string}\"},\"query-input\":{\"@type\":\"PropertyValueSpecification\",\"valueRequired\":true,\"valueName\":\"search_term_string\"}}],\"inLanguage\":\"es\"}]}<\/script>\n<!-- \/ Yoast SEO plugin. -->","yoast_head_json":{"title":"Video Relatos - KADAZRA","robots":{"index":"index","follow":"follow","max-snippet":"max-snippet:-1","max-image-preview":"max-image-preview:large","max-video-preview":"max-video-preview:-1"},"canonical":"https:\/\/www.adaptart.com\/MARIO\/BOCETO\/WEB\/video-relatos\/","og_locale":"es_ES","og_type":"article","og_title":"Video Relatos - KADAZRA","og_description":"[vc_row][vc_column][vc_column_text] Sombras de Kadazra es una narraci\u00f3n \u00e9pica de los tiempos de auge y ca\u00edda del glorioso Imperio del Le\u00f3n y la llegada de la siniestra Guerra de las Sombras, una compilaci\u00f3n de historias y mitos de los continentes ancestrales. La vasta y poderosa tierra que seg\u00fan la leyenda fue gobernada por los primeros artesanos del mineral de \u00c1nkar. [\/vc_column_text][\/vc_column][\/vc_row][vc_row][vc_column][vc_raw_html css=\u00bb.vc_custom_1689673930512{padding-top: 50px !important;}\u00bb]JTVCeW90dXdwJTIwdHlwZSUzRCUyMnBsYXlsaXN0JTIyJTIwaWQlM0QlMjJQTE1qVnhuVVVFMTZpRU5YcFZkdlJjNVo4WTl5a2VubVZzJTIyJTIwJTVE[\/vc_raw_html][\/vc_column][\/vc_row]","og_url":"https:\/\/www.adaptart.com\/MARIO\/BOCETO\/WEB\/video-relatos\/","og_site_name":"KADAZRA","article_modified_time":"2023-07-18T10:05:05+00:00","og_image":[{"url":"https:\/\/www.adaptart.com\/MARIO\/BOCETO\/WEB\/wp-content\/uploads\/2023\/07\/saparador-flecha-300x29.png","type":"","width":"","height":""}],"twitter_card":"summary_large_image","twitter_misc":{"Tiempo de lectura":"1 minuto"},"schema":{"@context":"https:\/\/schema.org","@graph":[{"@type":"WebPage","@id":"https:\/\/www.adaptart.com\/MARIO\/BOCETO\/WEB\/video-relatos\/","url":"https:\/\/www.adaptart.com\/MARIO\/BOCETO\/WEB\/video-relatos\/","name":"Video Relatos - KADAZRA","isPartOf":{"@id":"https:\/\/www.adaptart.com\/MARIO\/BOCETO\/WEB\/#website"},"primaryImageOfPage":{"@id":"https:\/\/www.adaptart.com\/MARIO\/BOCETO\/WEB\/video-relatos\/#primaryimage"},"image":{"@id":"https:\/\/www.adaptart.com\/MARIO\/BOCETO\/WEB\/video-relatos\/#primaryimage"},"thumbnailUrl":"https:\/\/www.adaptart.com\/MARIO\/BOCETO\/WEB\/wp-content\/uploads\/2023\/07\/saparador-flecha-300x29.png","datePublished":"2023-07-18T09:48:03+00:00","dateModified":"2023-07-18T10:05:05+00:00","breadcrumb":{"@id":"https:\/\/www.adaptart.com\/MARIO\/BOCETO\/WEB\/video-relatos\/#breadcrumb"},"inLanguage":"es","potentialAction":[{"@type":"ReadAction","target":["https:\/\/www.adaptart.com\/MARIO\/BOCETO\/WEB\/video-relatos\/"]}]},{"@type":"ImageObject","inLanguage":"es","@id":"https:\/\/www.adaptart.com\/MARIO\/BOCETO\/WEB\/video-relatos\/#primaryimage","url":"https:\/\/www.adaptart.com\/MARIO\/BOCETO\/WEB\/wp-content\/uploads\/2023\/07\/saparador-flecha.png","contentUrl":"https:\/\/www.adaptart.com\/MARIO\/BOCETO\/WEB\/wp-content\/uploads\/2023\/07\/saparador-flecha.png","width":1132,"height":108},{"@type":"BreadcrumbList","@id":"https:\/\/www.adaptart.com\/MARIO\/BOCETO\/WEB\/video-relatos\/#breadcrumb","itemListElement":[{"@type":"ListItem","position":1,"name":"Home","item":"https:\/\/www.adaptart.com\/MARIO\/BOCETO\/WEB\/"},{"@type":"ListItem","position":2,"name":"Video Relatos"}]},{"@type":"WebSite","@id":"https:\/\/www.adaptart.com\/MARIO\/BOCETO\/WEB\/#website","url":"https:\/\/www.adaptart.com\/MARIO\/BOCETO\/WEB\/","name":"KADAZRA","description":"","potentialAction":[{"@type":"SearchAction","target":{"@type":"EntryPoint","urlTemplate":"https:\/\/www.adaptart.com\/MARIO\/BOCETO\/WEB\/?s={search_term_string}"},"query-input":{"@type":"PropertyValueSpecification","valueRequired":true,"valueName":"search_term_string"}}],"inLanguage":"es"}]}},"_links":{"self":[{"href":"https:\/\/www.adaptart.com\/MARIO\/BOCETO\/WEB\/wp-json\/wp\/v2\/pages\/11436"}],"collection":[{"href":"https:\/\/www.adaptart.com\/MARIO\/BOCETO\/WEB\/wp-json\/wp\/v2\/pages"}],"about":[{"href":"https:\/\/www.adaptart.com\/MARIO\/BOCETO\/WEB\/wp-json\/wp\/v2\/types\/page"}],"author":[{"embeddable":true,"href":"https:\/\/www.adaptart.com\/MARIO\/BOCETO\/WEB\/wp-json\/wp\/v2\/users\/1"}],"replies":[{"embeddable":true,"href":"https:\/\/www.adaptart.com\/MARIO\/BOCETO\/WEB\/wp-json\/wp\/v2\/comments?post=11436"}],"version-history":[{"count":6,"href":"https:\/\/www.adaptart.com\/MARIO\/BOCETO\/WEB\/wp-json\/wp\/v2\/pages\/11436\/revisions"}],"predecessor-version":[{"id":11446,"href":"https:\/\/www.adaptart.com\/MARIO\/BOCETO\/WEB\/wp-json\/wp\/v2\/pages\/11436\/revisions\/11446"}],"wp:attachment":[{"href":"https:\/\/www.adaptart.com\/MARIO\/BOCETO\/WEB\/wp-json\/wp\/v2\/media?parent=11436"}],"curies":[{"name":"wp","href":"https:\/\/api.w.org\/{rel}","templated":true}]}}